513707?
True
Is 26738760 a multiple of 15?
True
Does 188 divide 2501601132?
True
Is 643 a factor of 711801?
True
Does 582 divide 175555644?
True
Does 908 divide 86714534?
False
Does 78 divide 1168287?
False
Does 1406 divide 224258406?
True
Is 27 a factor of 2876573898?
True
Does 839 divide 738087952?
False
Does 4 divide 8741292?
True
Is 175036488 a multiple of 2721?
True
Is 45778148 a multiple of 4?
True
Is 38 a factor of 2641066?
False
Does 23 divide 923314070?
True
Is 5869 a factor of 253793167?
True
Is 725589850 a multiple of 552?
False
Does 955 divide 76211889?
False
Is 10360 a factor of 3465233520?
True
Is 16 a factor of 1235912406?
False
Is 1261141462 a multiple of 118?
False
Is 1293218970 a multiple of 939?
True
Is 483468192 a multiple of 3488?
True
Is 317019690 a multiple of 351?
True
Does 48 divide 1059994032?
True
Does 15 divide 188409807?
False
Does 150 divide 418982864?
False
Is 112510860 a multiple of 294?
True
Is 985 a factor of 1059860?
True
Does 638 divide 1200773327?
False
Is 88663761 a multiple of 23?
False
Is 117526106 a multiple of 1018?
False
Is 10458352 a multiple of 69?
False
Does 1340 divide 14786604?
False
Does 1263 divide 835702975?
False
Is 459 a factor of 19597628?
False
Does 12 divide 26542993?
False
Does 571 divide 140861703?
True
Is 797 a factor of 4942575078?
False
Is 240 a factor of 396306720?
True
Does 23 divide 185358466?
False
Is 2244049 a multiple of 7?
False
Is 268 a factor of 24719476?
False
Is 16548676 a multiple of 116?
True
Is 23 a factor of 192292374?
True
Is 66 a factor of 27943121?
False
Is 73 a factor of 3338728?
True
Does 424 divide 410097543?
False
Is 1461393276 a multiple of 724?
True
Is 138 a factor of 316296?
True
Does 1028 divide 4878191774?
False
Is 80890920 a multiple of 121?
True
Is 446166261 a multiple of 2506?
False
Is 3523740 a multiple of 209?
True
Does 33 divide 310251794?
False
Is 144026796 a multiple of 79?
True
Does 16 divide 4745568?
True
Does 2039 divide 24597853?
False
Is 70736625 a multiple of 27?
True
Does 20 divide 239987240?
True
Is 240 a factor of 942691440?
True
Does 2566 divide 9066077?
False
Is 312059450 a multiple of 1154?
False
Is 805 a factor of 1316952649?
False
Does 1651 divide 532236172?
True
Is 2549 a factor of 1139270452?
True
Is 20526777 a multiple of 611?
False
Does 1702 divide 176171840?
False
Does 649 divide 72828345?
False
Is 1346351 a multiple of 735?
False
Does 26 divide 34075879?
False
Is 2118585944 a multiple of 5465?
False
Does 25 divide 5750300?
True
Is 26866279 a multiple of 1941?
False
Is 46812750 a multiple of 157?
False
Does 33 divide 48469344?
True
Is 125 a factor of 8450375?
True
Is 9743364 a multiple of 1068?
True
Is 208655412 a multiple of 15?
False
Does 57 divide 473654610?
True
Does 3411 divide 86404041?
True
Does 34 divide 33466948?
True
Is 263 a factor of 2023522?
True
Is 1168 a factor of 82880112?
True
Does 14 divide 900225275?
False
Is 836 a factor of 421323936?
True
Is 73874394 a multiple of 627?
True
Is 12024000 a multiple of 225?
True
Does 135 divide 171235183?
False
Is 119 a factor of 1772716709?
False
Is 1765 a factor of 1475314080?
True
Is 3519487065 a multiple of 663?
False
Does 8 divide 151786292?
False
Is 13 a factor of 756113332?
True
Is 82875762 a multiple of 6?
True
Is 1082 a factor of 905689830?
False
Is 1091341377 a multiple of 404?
False
Is 47673014 a multiple of 28?
False
Is 331668 a multiple of 12?
True
Is 5130 a factor of 402794118?
False
Is 84108095 a multiple of 116?
False
Is 60 a factor of 117222300?
True
Is 185 a factor of 24144717?
False
Does 76 divide 509892074?
False
Is 638116276 a multiple of 124?
True
Is 49379688 a multiple of 30?
False
Does 5359 divide 2356379095?
True
Is 567 a factor of 48043044?
True
Is 1084 a factor of 29428432?
True
Is 10322280 a multiple of 60?
True
Is 954737773 a multiple of 19?
False
Is 81484074 a multiple of 678?
True
Does 35 divide 18595071?
False
Does 313 divide 22686216?
False
Is 132763888 a multiple of 2?
True
Is 4391436 a multiple of 7?
True
Is 15 a factor of 5328556?
False
Is 88190113 a multiple of 1849?
False
Is 12 a factor of 39246408?
True
Is 222 a factor of 389998944?
True
Is 15 a factor of 904791418?
False
Is 210 a factor of 335891430?
True
Is 343 a factor of 44683296?
True
Is 38572210 a multiple of 11?
False
Does 26 divide 6784071?
False
Is 83 a factor of 21000257?
False
Is 145532192 a multiple of 13?
True
Is 1479 a factor of 203251464?
False
Does 6 divide 921163?
False
Is 2614 a factor of 576355623?
False
Is 34953484 a multiple of 164?
True
Is 68 a factor of 202894592?
True
Is 427043507 a multiple of 64?
False
Is 34 a factor of 80928146?
False
Does 49 divide 7448000?
True
Is 116 a factor of 10505487?
False
Does 50 divide 623200?
True
Is 241 a factor of 29518211?
False
Is 230082058 a multiple of 194?
False
Does 4 divide 100820864?
True
Is 17714544 a multiple of 35?
False
Is 211197663 a multiple of 3723?
False
Does 81 divide 199797535?
False
Does 97 divide 85022975?
False
Does 6 divide 40470324?
True
Is 3 a factor of 18978857?
False
Is 85357505 a multiple of 5?
True
Does 2221 divide 1134413507?
True
Is 5 a factor of 24496340?
True
Is 11 a factor of 8569891?
True
Is 655 a factor of 400227925?
True
Is 23 a factor of 1580386?
False
Is 5991888 a multiple of 223?
False
Is 57 a factor of 28462420?
False
Is 1039551143 a multiple of 108?
False
Is 1681973815 a multiple of 132?
False
Is 4 a factor of 60929440?
True
Is 123619870 a multiple of 24?
False
Is 2511 a factor of 921092553?
True
Is 15228906 a multiple of 7?
True
Is 496061806 a multiple of 71?
True
Does 732 divide 648831542?
False
Is 449340536 a multiple of 4?
True
Is 396005892 a multiple of 772?
True
Is 528 a factor of 19432512?
True
Is 9775197 a multiple of 8?
False
Is 411065312 a multiple of 1268?
True
Does 100 divide 74420700?
True
Is 362 a factor of 388705645?
False
Does 3527 divide 706655612?
True
Is 26 a factor of 163934420?
True
Does 631 divide 2629331185?
False
Is 96 a factor of 56515559?
False
Does 558 divide 82037261?
False
Does 9 divide 2137613688?
True
Does 461 divide 27929224?
True
Is 5 a factor of 207476966?
False
Does 22 divide 14155573?
False
Is 11007405 a multiple of 45?
True
Is 229 a factor of 8067818?
False
Is 50717410 a multiple of 1277?
False
Does 7 divide 18392820?
False
Is 21908068 a multiple of 276?
False
Is 84 a factor of 157217615?
False
Does 428 divide 1083684016?
True
Is 621 a factor of 2530471679?
False
Is 7935 a factor of 85285380?
True
Is 8453529 a multiple of 199?
False
Is 38 a factor of 566773993?
False
Is 15963222 a multiple of 45?
False
Is 61079779 a multiple of 5?
False
Does 167 divide 234463825?
True
Is 7 a factor of 2087605?
False
Is 1736 a factor of 5240598991?
False
Is 96349857 a multiple of 188?
False
Does 110 divide 708152720?
True
Does 156 divide 46328998?
False
Is 60692618 a multiple of 119?
True
Is 192799407 a multiple of 28?
False
Is 68 a factor of 1551342480?
True
Does 44 divide 35166114?
False
Does 21 divide 2626694427?
True
Is 75272848 a multiple of 112?
True
Is 514733774 a multiple of 88?
False
Is 1459712019 a multiple of 6016?
False
Does 280 divide 593106080?
True
Is 36 a factor of 6858271527?
False
Is 1668196191 a multiple of 93?
False
Is 1789340095 a multiple of 1682?
False
Does 345 divide 202576042?
False
Is 1312836 a multiple of 1336?
False
Is 691623180 a multiple of 4?
True
Does 4 divide 9087934?
False
Does 33 divide 429277420?
False
Is 55 a factor of 17115615?
True
Is 188189720 a multiple of 20?
True
Does 1146 divide 77620454?
False
Is 7 a factor of 1130708229?
True
Is 66 a factor of 40031904?
True
Does 11 divide 394097?
True
Is 8581446 a multiple of 226?
True
Is 12930405 a multiple of 173?
False
Is 49 a factor of 2006372914?
True
Is 800 a factor of 12302382?
False
Does 88 divide 25722650?
False
Is 4173 a factor of 373266504?
True
Is 1148 a factor of 269653720?
True
Does 182 divide 64988536?
False
Does 888 divide 154433392?
False
Does 5443 divide 647039919?
False
Is 197076705 a multiple of 21?
True
Is 122109645 a multiple of 857?
True
Is 23572384 a multiple of 802?
True
Is 106 a factor of 3459098335?
False
Is 332877210 a multiple of 15?
True
Is 2954 a factor of 10214932?
True
Does 43 divide 7930533?
True
Is 19722283 a multiple of 2518?
False
Does 444 divide 9178778?
